ppose 2*z - x = 33. Let k = -14 + z. What is the tens digit of k?
3
Let p(m) = -m**2 - 7*m + 4. Let i be p(-6). Suppose 4*x + 5*w + i = -x, x = -3*w - 2. What is the units digit of (3/x - -1)*-60?
0
Let j = 161 - 111. Let l be 41 - ((-13)/52)/((-1)/4). Let d = j - l. What is the tens digit of d?
1
Let n be (5 - 2)/(-6)*(-12 + 2). Suppose -23 = -n*b + 4*v, -4*b - 5 = -3*b + 4*v. Suppose 6 = -b*s + 45. What is the units digit of s?
3
Let a(p) = 68*p**2 + 12*p - 12. Let m be a(4). Let s = -605 + m. What is the units digit of s?
9
What is the tens digit of 663777/54 + 4 - 10/60?
9
Let u = -158 - -478. Let s = 1484 - u. What is the hundreds digit of s?
1
Let d(g) = 2*g**2 - 2*g - 1. Let c be d(2). Suppose -k - c*k + 816 = 0. Suppose 0 = -21*r + 18*r + k. What is the units digit of r?
8
Let z(u) = u - 9. Let f = -8 + 17. Let h be z(f). Suppose h = -3*a - 2*a + 295. What is the tens digit of a?
5
Let l(c) = 0*c**3 - 9*c**2 + 2*c**3 - c + 18 - 11*c**2 - c**3. Let y be l(20). What is the tens digit of (5*42/(-175))/(y/155)?
9
Suppose 0*a = a - 4*m + 9, 4*a + 10 = 3*m. Let g be (a - -4) + (0 + 2 - -72). What is the units digit of (-2)/7 + 2101/g?
7
Suppose 12*f + 46*f = 699596. What is the tens digit of f?
6
Let h be -5 + (-4 - -1)*853. Let v = 4001 + h. What is the tens digit of v?
3
What is the thousands digit of (3896/(-10))/(1/(-3)*(-288)/(-480))?
1
Let d(z) = 5*z**2 - 34*z - 18. Let u be d(-16). Suppose -5*a - 126 = -u. What is the units digit of a?
6
Suppose 5*l = 5*y - 145450, -39*l + 38*l - 261882 = -9*y. What is the thousands digit of y?
9
Suppose -21*j = -16*j - 5*v - 1770, -j - 3*v = -358. What is the tens digit of j?
5
Let c(y) = -1699*y + 4255. What is the hundreds digit of c(-12)?
6
Suppose -30017 = -509*c + 474*c + 173403. What is the thousands digit of c?
5
What is the ten thousands digit of (-213049)/(-8) + (891/(-19800) - 2/25)?
2
Let f(t) = 8*t**3 - 3*t**2 + t + 2. Suppose -y + 12 = y - 2*o, -3*y = 5*o + 6. What is the hundreds digit of f(y)?
1
Suppose 13*t - 9673 = 32590. What is the tens digit of t?
5
Suppose 58*i + 4*t = 53*i + 204294, 0 = 3*i - 3*t - 122625. What is the ten thousands digit of i?
4
Suppose 9 = -b + 11. Let u(a) = -a**2 + 2*a + 3. Let q be u(b). Suppose q*o - 2 = -4*j, -2*o + 2*j = -12 - 8. What is the units digit of o?
6
Suppose 0 = 5*t + s - 501 + 64, 3*t + s - 261 = 0. Let h = t - -106. What is the hundreds digit of h?
1
Suppose 2*a = -6 + 14. Suppose -s - 3*h - 3 = 5, a*s = -3*h + 4. Suppose -4*q - k + 829 = 0, -3*k + 0*k = s*q - 831. What is the tens digit of q?
0
What is the units digit of ((5 + 2365)/3 - 0)/((-2)/(-19))?
5
Let s(f) = 785*f + 13 + 2*f**3 + 45*f**2 - 774*f - 15*f**2. What is the tens digit of s(-12)?
4
Let n(s) = -2*s**3 + 148*s**2 + 249*s + 93. What is the units digit of n(74)?
9
Let f = -88 - -254. Let p(d) = 2*d - 6. Let u be p(5). Suppose u*j - 2*j = 2*y + f, -y = -4*j + 347. What is the tens digit of j?
8
Let i be 2*356/10 + (-3)/15. Let a = i - 40. Suppose 0 = -p + 1 + a. What is the tens digit of p?
3
Suppose 42 = 3*r + 3*m - 21, 0 = 5*r + m - 125. Suppose -i - r = -313. What is the units digit of i?
7
Let y = -6003 - -6479. What is the tens digit of y?
7
Let a be 0 + 8 + 8883/(-7). Let d = -502 - a. What is the tens digit of d?
5
Let w(t) = 3*t**2 - 152*t - 619. What is the thousands digit of w(107)?
7
Let b = -18 - -16. Let p(w) be the second derivative of -11*w**5/20 + w**4/6 + w**3/3 - w**2 - w. What is the tens digit of p(b)?
9
Suppose -5*w = -5*y + 20, -2*y + 17 = 3*y - 4*w. Let l be (1 + (-5)/35)*(y - 8). What is the units digit of -120*2*l/15?
6
Let j = -7139 + 10559. Suppose 18*c - 8*c = j. What is the hundreds digit of c?
3
Let y be (-61)/1*-14 + (19 + 0 - 21). Suppose 20 = 5*l + 5. Suppose -2*a + 520 = l*c - 3*a, 2*a = -5*c + y. What is the units digit of c?
2
Let y = 54831 - 29085. What is the ten thousands digit of y?
2
Suppose 23*o + 33 = 240. Let b be 0 - -1 - (-2 + 0). What is the units digit of (o/b + 2)*17?
5
Suppose 3*x + 5*u - 370 - 155 = 0, 5*u = -2*x + 355. Suppose 12 = 4*f, -3*f - x + 963 = 2*d. What is the tens digit of d?
9
Let d(w) = -145*w + 6. Let z(t) be the third derivative of -t**5/30 + t**4/12 + t**3/2 + 13*t**2. Let p be z(2). What is the tens digit of d(p)?
5
Let g = 95 - 93. Suppose -3*q = -4*y - 2036, 2*q - q + g*y - 672 = 0. What is the tens digit of q?
7
Let q = 22 + -23. Let j be (-1878)/(q - 2) - (1 - -1). Suppose -5*d = -p - p - 632, 4*p = 5*d - j. What is the units digit of d?
8
Let i(l) be the third derivative of -219*l**6/40 + 3*l**5/20 + 11*l**4/24 + l**3/2 - 37*l**2 + 3. What is the hundreds digit of i(-1)?
6
Let c(f) = -3*f - 6. Let d be c(-4). Let u(l) be the second derivative of l**4/3 - 7*l**3/6 + 7*l**2/2 - 36*l. What is the hundreds digit of u(d)?
1
Suppose 8*y = -4*v + 7*y + 10840, -3*y = -5*v + 13550. What is the units digit of v?
0
Let q(n) be the third derivative of n**5/12 + n**4/8 + 2*n**3/3 + 13*n**2. Let w(c) = c**2 - 15*c + 10. Let s be w(14). What is the units digit of q(s)?
2
Suppose -2*l - 64*l = -452628. What is the hundreds digit of l?
8
Let f(l) = 94*l**2 - 35*l - 2. What is the hundreds digit of f(-6)?
5
Suppose 0 = -3*s - 759 - 1140. Let r = s - -935. What is the hundreds digit of r?
3
Let f(p) be the third derivative of p**5/60 - 5*p**4/6 + 341*p**3/6 - 183*p**2. What is the units digit of f(15)?
6
What is the thousands digit of (-4)/3*(864869/(-46) + 5)?
5
Suppose 0 = 2*x - g - 7, 21*x - 2*g = 24*x - 7. Suppose 5*l + 2*m - 7 - 155 = 0, x*l = 3*m + 114. What is the units digit of l?
4
Let d(s) = 39*s**3 - 3*s**2 - 44*s + 52. What is the ten thousands digit of d(8)?
1
Suppose 10*h - 110 = 12*h. Let v = h + 57. What is the units digit of 72/15 + v/10?
5
Let n(v) = 442*v - 9564. What is the hundreds digit of n(116)?
7
Suppose -s = -25 + 20. Suppose s*v - 5700 + 1090 = 0. What is the hundreds digit of v?
9
Let a(b) = 30*b**3 + 8*b**2 - 31*b + 174. What is the ten thousands digit of a(7)?
1
Let o = -72563 - -142643. What is the ten thousands digit of o?
7
Let v(p) = p**2 - 38*p + 70. Let i = -487 + 471. What is the units digit of v(i)?
4
Suppose 356*v - 502*v - 680907 + 3412567 = 0. What is the thousands digit of v?
8
Suppose -4*r - 9*j + 8*j + 71650 = 0, -3*r + 53844 = -17*j. What is the thousands digit of r?
7
Let a(x) = -3*x**3 + 134*x**2 + 130*x - 142. What is the thousands digit of a(42)?
9
Suppose 0 = 5*b, -14*x + 17*x - 22890 = -2*b. What is the thousands digit of x?
7
Suppose -4*w = 2*c + 30, -5*c - 50 = 3*w + 2*w. Let z = w - -5. Suppose z = -5*d, -2*u - 62 = 2*d - 364. What is the tens digit of u?
5
Suppose -150673 - 39523 = -17*x. What is the thousands digit of x?
1
Suppose 2*u + 7 = 3*o, u - 4*o + o + 2 = 0. What is the tens digit of -3 - -2 - u - -199?
0
Suppose 25*t - 21*t - 7464 = 4*u, -3*u - 9 = 0. Let b = t - 736. What is the hundreds digit of b?
1
Let r(z) = -z**3 - 10*z**2 - 9*z + 13. Let n be (-51 + -6)*(-8)/12. Let s = n - 47. What is the units digit of r(s)?
3
Suppose -5*k + 135171 = 19*k - 298965. What is the tens digit of k?
8
Let m(q) be the second derivative of -5*q**3 + 11*q**2/2 - 10*q. Let b be m(-10). Suppose -3*a + 192 = -3*g, 3*a - 2*g - b = -2*a. What is the units digit of a?
1
Let n = -67 - -72. Suppose -n*z = -z - 2128. What is the tens digit of z?
3
Let h = -153 - -169. Suppose 10*b = h*b - 2934. What is the units digit of b?
9
What is the tens digit of 4*((-72)/(-504) - (-30019)/28)?
8
Suppose -4*s - 1 = 2*x - 21, 0 = 2*s + 5*x - 10. Suppose s*o = 2*m - 10, -5*o + 3*m = -m + 20. Let w = 11 - o. What is the units digit of w?
1
Let c(m) = -m**3 + 10*m**2 + m - 2. Let x be c(7). Suppose -20 = q + x. Let h = -117 - q. What is the units digit of h?
5
Let b(j) = j**2 + 7*j - 9. Let s be b(-10). Let o = -17 + s. What is the hundreds digit of ((-4)/(-8))/(o/1016)?
1
Suppose -8 = -4*g - 4. What is the units digit of -113*g/(6/(-30))?
5
Let b = -1962 + 671. Let f = b - -3116. What is the units digit of f?
5
Suppose -4*p + 6040 = -0*z + 3*z, 2*z - 4531 = -3*p. What is the thousands digit of p?
1
Let a(k) be the first derivative of k**4/4 + 2*k**3/3 + k**2/2 + 339*k - 53. What is the units digit of a(0)?
9
Let u = 3824 + -592. Suppose -6*d - 2*x = -7*d + 1619, -2*d = 2*x - u. What is the tens d